{"version":"1.0","provider_name":"Feria de teatro y danza","provider_url":"https:\/\/feriadeteatroydanza.com","author_name":"Isabel","author_url":"https:\/\/feriadeteatroydanza.com\/index.php\/author\/isabel\/","title":"BLACK BOX - Feria de teatro y danza","type":"rich","width":600,"height":338,"html":"<blockquote class=\"wp-embedded-content\" data-secret=\"DN4i7CREgA\"><a href=\"https:\/\/feriadeteatroydanza.com\/index.php\/event\/black-box\/\">BLACK BOX<\/a><\/blockquote><iframe sandbox=\"allow-scripts\" security=\"restricted\" src=\"https:\/\/feriadeteatroydanza.com\/index.php\/event\/black-box\/embed\/#?secret=DN4i7CREgA\" width=\"600\" height=\"338\" title=\"\u00abBLACK BOX\u00bb \u2014 Feria de teatro y danza\" data-secret=\"DN4i7CREgA\" frameborder=\"0\" marginwidth=\"0\" marginheight=\"0\" scrolling=\"no\" class=\"wp-embedded-content\"><\/iframe><script type=\"text\/javascript\">\n\/* <![CDATA[ *\/\n\/*! This file is auto-generated *\/\n!function(d,l){\"use strict\";l.querySelector&&d.addEventListener&&\"undefined\"!=typeof URL&&(d.wp=d.wp||{},d.wp.receiveEmbedMessage||(d.wp.receiveEmbedMessage=function(e){var t=e.data;if((t||t.secret||t.message||t.value)&&!\/[^a-zA-Z0-9]\/.test(t.secret)){for(var s,r,n,a=l.querySelectorAll('iframe[data-secret=\"'+t.secret+'\"]'),o=l.querySelectorAll('blockquote[data-secret=\"'+t.secret+'\"]'),c=new RegExp(\"^https?:$\",\"i\"),i=0;i<o.length;i++)o[i].style.display=\"none\";for(i=0;i<a.length;i++)s=a[i],e.source===s.contentWindow&&(s.removeAttribute(\"style\"),\"height\"===t.message?(1e3<(r=parseInt(t.value,10))?r=1e3:~~r<200&&(r=200),s.height=r):\"link\"===t.message&&(r=new URL(s.getAttribute(\"src\")),n=new URL(t.value),c.test(n.protocol))&&n.host===r.host&&l.activeElement===s&&(d.top.location.href=t.value))}},d.addEventListener(\"message\",d.wp.receiveEmbedMessage,!1),l.addEventListener(\"DOMContentLoaded\",function(){for(var e,t,s=l.querySelectorAll(\"iframe.wp-embedded-content\"),r=0;r<s.length;r++)(t=(e=s[r]).getAttribute(\"data-secret\"))||(t=Math.random().toString(36).substring(2,12),e.src+=\"#?secret=\"+t,e.setAttribute(\"data-secret\",t)),e.contentWindow.postMessage({message:\"ready\",secret:t},\"*\")},!1)))}(window,document);\n\/* ]]> *\/\n<\/script>\n","thumbnail_url":"https:\/\/feriadeteatroydanza.com\/wp-content\/uploads\/2026\/08\/CdC_260510_029-copia-e1787082449461.jpg","thumbnail_width":1050,"thumbnail_height":1050,"description":"[vc_row][vc_column][vc_column_text]\u201cEl P\u00e1jaro canta mejor posado en las ramas de su \u00e1rbol geneal\u00f3gico.\u201d Jean Cocteau \u00bfQu\u00e9 tienen en com\u00fan un marinero de la armada de Vasco da Gama \u2014 la primera en abrir la ruta mar\u00edtima hacia las Indias\u2014, un bandolero que decidi\u00f3 impartir justicia al..."}

[vc_row][vc_column][vc_column_text]“El Pájaro canta mejor posado en las ramas de su árbol genealógico.” Jean Cocteau ¿Qué tienen en común un marinero de la armada de Vasco da Gama — la primera en abrir la ruta marítima hacia las Indias—, un bandolero que decidió impartir justicia al...
