{"version":"1.0","provider_name":"Feria de teatro y danza","provider_url":"https:\/\/feriadeteatroydanza.com","author_name":"Isabel","author_url":"https:\/\/feriadeteatroydanza.com\/index.php\/author\/isabel\/","title":"G\u00c1RGOLA - Feria de teatro y danza","type":"rich","width":600,"height":338,"html":"<blockquote class=\"wp-embedded-content\" data-secret=\"Lzlwlx9Lzw\"><a href=\"https:\/\/feriadeteatroydanza.com\/index.php\/event\/gargola\/\">G\u00c1RGOLA<\/a><\/blockquote><iframe sandbox=\"allow-scripts\" security=\"restricted\" src=\"https:\/\/feriadeteatroydanza.com\/index.php\/event\/gargola\/embed\/#?secret=Lzlwlx9Lzw\" width=\"600\" height=\"338\" title=\"\u00abG\u00c1RGOLA\u00bb \u2014 Feria de teatro y danza\" data-secret=\"Lzlwlx9Lzw\" frameborder=\"0\" marginwidth=\"0\" marginheight=\"0\" scrolling=\"no\" class=\"wp-embedded-content\"><\/iframe><script type=\"text\/javascript\">\n\/* <![CDATA[ *\/\n\/*! This file is auto-generated *\/\n!function(d,l){\"use strict\";l.querySelector&&d.addEventListener&&\"undefined\"!=typeof URL&&(d.wp=d.wp||{},d.wp.receiveEmbedMessage||(d.wp.receiveEmbedMessage=function(e){var t=e.data;if((t||t.secret||t.message||t.value)&&!\/[^a-zA-Z0-9]\/.test(t.secret)){for(var s,r,n,a=l.querySelectorAll('iframe[data-secret=\"'+t.secret+'\"]'),o=l.querySelectorAll('blockquote[data-secret=\"'+t.secret+'\"]'),c=new RegExp(\"^https?:$\",\"i\"),i=0;i<o.length;i++)o[i].style.display=\"none\";for(i=0;i<a.length;i++)s=a[i],e.source===s.contentWindow&&(s.removeAttribute(\"style\"),\"height\"===t.message?(1e3<(r=parseInt(t.value,10))?r=1e3:~~r<200&&(r=200),s.height=r):\"link\"===t.message&&(r=new URL(s.getAttribute(\"src\")),n=new URL(t.value),c.test(n.protocol))&&n.host===r.host&&l.activeElement===s&&(d.top.location.href=t.value))}},d.addEventListener(\"message\",d.wp.receiveEmbedMessage,!1),l.addEventListener(\"DOMContentLoaded\",function(){for(var e,t,s=l.querySelectorAll(\"iframe.wp-embedded-content\"),r=0;r<s.length;r++)(t=(e=s[r]).getAttribute(\"data-secret\"))||(t=Math.random().toString(36).substring(2,12),e.src+=\"#?secret=\"+t,e.setAttribute(\"data-secret\",t)),e.contentWindow.postMessage({message:\"ready\",secret:t},\"*\")},!1)))}(window,document);\n\/* ]]> *\/\n<\/script>\n","thumbnail_url":"https:\/\/feriadeteatroydanza.com\/wp-content\/uploads\/2026\/08\/qabalum.jpeg","thumbnail_width":1920,"thumbnail_height":1441,"description":"[vc_row][vc_column][vc_column_text]La idea de criatura ha acompa\u00f1ado el deseo de trascendencia de nuestra especie desde el comienzo de los tiempos. Lo vemos en las pinturas rupestres, en los t\u00f3tems, las primeras deidades, los \u00eddolos, el becerro de oro, las g\u00e1rgolas, las quimeras, incluso en las primeras..."}

GÁRGOLA - Feria de teatro y danza

<blockquote class="wp-embedded-content" data-secret="Lzlwlx9Lzw"><a href="https://feriadeteatroydanza.com/index.php/event/gargola/">GÁRGOLA</a></blockquote><iframe sandbox="allow-scripts" security="restricted" src="https://feriadeteatroydanza.com/index.php/event/gargola/embed/#?secret=Lzlwlx9Lzw" width="600" height="338" title="«GÁRGOLA» — Feria de teatro y danza" data-secret="Lzlwlx9Lzw" frameborder="0" marginwidth="0" marginheight="0" scrolling="no" class="wp-embedded-content"></iframe><script type="text/javascript">
/* <![CDATA[ */
/*! This file is auto-generated */
!function(d,l){"use strict";l.querySelector&&d.addEventListener&&"undefined"!=typeof URL&&(d.wp=d.wp||{},d.wp.receiveEmbedMessage||(d.wp.receiveEmbedMessage=function(e){var t=e.data;if((t||t.secret||t.message||t.value)&&!/[^a-zA-Z0-9]/.test(t.secret)){for(var s,r,n,a=l.querySelectorAll('iframe[data-secret="'+t.secret+'"]'),o=l.querySelectorAll('blockquote[data-secret="'+t.secret+'"]'),c=new RegExp("^https?:$","i"),i=0;i<o.length;i++)o[i].style.display="none";for(i=0;i<a.length;i++)s=a[i],e.source===s.contentWindow&&(s.removeAttribute("style"),"height"===t.message?(1e3<(r=parseInt(t.value,10))?r=1e3:~~r<200&&(r=200),s.height=r):"link"===t.message&&(r=new URL(s.getAttribute("src")),n=new URL(t.value),c.test(n.protocol))&&n.host===r.host&&l.activeElement===s&&(d.top.location.href=t.value))}},d.addEventListener("message",d.wp.receiveEmbedMessage,!1),l.addEventListener("DOMContentLoaded",function(){for(var e,t,s=l.querySelectorAll("iframe.wp-embedded-content"),r=0;r<s.length;r++)(t=(e=s[r]).getAttribute("data-secret"))||(t=Math.random().toString(36).substring(2,12),e.src+="#?secret="+t,e.setAttribute("data-secret",t)),e.contentWindow.postMessage({message:"ready",secret:t},"*")},!1)))}(window,document);
/* ]]> */
</script>

[vc_row][vc_column][vc_column_text]La idea de criatura ha acompañado el deseo de trascendencia de nuestra especie desde el comienzo de los tiempos. Lo vemos en las pinturas rupestres, en los tótems, las primeras deidades, los ídolos, el becerro de oro, las gárgolas, las quimeras, incluso en las primeras...
