{"id":4449,"date":"2024-07-30T10:53:26","date_gmt":"2024-07-30T10:53:26","guid":{"rendered":"https:\/\/feriadeteatroydanza.com\/?page_id=4449"},"modified":"2024-07-30T10:53:26","modified_gmt":"2024-07-30T10:53:26","slug":"entradas-aun-no-disponibles","status":"publish","type":"page","link":"https:\/\/feriadeteatroydanza.com\/index.php\/entradas-aun-no-disponibles\/","title":{"rendered":"Entradas a\u00fan no disponibles"},"content":{"rendered":"<p>Las entradas a este espect\u00e1culo a\u00fan no est\u00e1n disponibles.<\/p>\n","protected":false},"excerpt":{"rendered":"<p>Las entradas a este espect\u00e1culo a\u00fan no est\u00e1n disponibles.<\/p>\n","protected":false},"author":1,"featured_media":0,"parent":0,"menu_order":0,"comment_status":"closed","ping_status":"closed","template":"","meta":{"footnotes":""},"class_list":["post-4449","page","type-page","status-publish","hentry"],"yoast_head":"<!-- This site is optimized with the Yoast SEO plugin v17.1 - https:\/\/yoast.com\/wordpress\/plugins\/seo\/ -->\n<title>Entradas a\u00fan no disponibles - Feria de teatro y danza<\/title>\n<meta name=\"robots\" content=\"index, follow, max-snippet:-1, max-image-preview:large, max-video-preview:-1\" \/>\n<link rel=\"canonical\" href=\"https:\/\/feriadeteatroydanza.com\/index.php\/entradas-aun-no-disponibles\/\" \/>\n<meta property=\"og:locale\" content=\"es_ES\" \/>\n<meta property=\"og:type\" content=\"article\" \/>\n<meta property=\"og:title\" content=\"Entradas a\u00fan no disponibles - Feria de teatro y danza\" \/>\n<meta property=\"og:description\" content=\"Las entradas a este espect\u00e1culo a\u00fan no est\u00e1n disponibles.\" \/>\n<meta property=\"og:url\" content=\"https:\/\/feriadeteatroydanza.com\/index.php\/entradas-aun-no-disponibles\/\" \/>\n<meta property=\"og:site_name\" content=\"Feria de teatro y danza\" \/>\n<meta property=\"article:publisher\" content=\"https:\/\/www.facebook.com\/feriahuesca\" \/>\n<meta name=\"twitter:card\" content=\"summary_large_image\" \/>\n<meta name=\"twitter:site\" content=\"@FeriaHuesca\" \/>\n<script type=\"application\/ld+json\" class=\"yoast-schema-graph\">{\"@context\":\"https:\/\/schema.org\",\"@graph\":[{\"@type\":\"Organization\",\"@id\":\"https:\/\/feriadeteatroydanza.com\/#organization\",\"name\":\"Feria de Teatro y Danza de Huesca\",\"url\":\"https:\/\/feriadeteatroydanza.com\/\",\"sameAs\":[\"https:\/\/www.facebook.com\/feriahuesca\",\"https:\/\/www.instagram.com\/feriahuesca\/\",\"https:\/\/twitter.com\/FeriaHuesca\"],\"logo\":{\"@type\":\"ImageObject\",\"@id\":\"https:\/\/feriadeteatroydanza.com\/#logo\",\"inLanguage\":\"es\",\"url\":\"https:\/\/feriadeteatroydanza.com\/wp-content\/uploads\/2020\/11\/logo.jpg\",\"contentUrl\":\"https:\/\/feriadeteatroydanza.com\/wp-content\/uploads\/2020\/11\/logo.jpg\",\"width\":242,\"height\":116,\"caption\":\"Feria de Teatro y Danza de Huesca\"},\"image\":{\"@id\":\"https:\/\/feriadeteatroydanza.com\/#logo\"}},{\"@type\":\"WebSite\",\"@id\":\"https:\/\/feriadeteatroydanza.com\/#website\",\"url\":\"https:\/\/feriadeteatroydanza.com\/\",\"name\":\"Feria de teatro y danza\",\"description\":\"Del 28 de septiembre al 2 de octubre de 2025\",\"publisher\":{\"@id\":\"https:\/\/feriadeteatroydanza.com\/#organization\"},\"potentialAction\":[{\"@type\":\"SearchAction\",\"target\":{\"@type\":\"EntryPoint\",\"urlTemplate\":\"https:\/\/feriadeteatroydanza.com\/?s={search_term_string}\"},\"query-input\":\"required name=search_term_string\"}],\"inLanguage\":\"es\"},{\"@type\":\"WebPage\",\"@id\":\"https:\/\/feriadeteatroydanza.com\/index.php\/entradas-aun-no-disponibles\/#webpage\",\"url\":\"https:\/\/feriadeteatroydanza.com\/index.php\/entradas-aun-no-disponibles\/\",\"name\":\"Entradas a\\u00fan no disponibles - Feria de teatro y danza\",\"isPartOf\":{\"@id\":\"https:\/\/feriadeteatroydanza.com\/#website\"},\"datePublished\":\"2024-07-30T10:53:26+00:00\",\"dateModified\":\"2024-07-30T10:53:26+00:00\",\"breadcrumb\":{\"@id\":\"https:\/\/feriadeteatroydanza.com\/index.php\/entradas-aun-no-disponibles\/#breadcrumb\"},\"inLanguage\":\"es\",\"potentialAction\":[{\"@type\":\"ReadAction\",\"target\":[\"https:\/\/feriadeteatroydanza.com\/index.php\/entradas-aun-no-disponibles\/\"]}]},{\"@type\":\"BreadcrumbList\",\"@id\":\"https:\/\/feriadeteatroydanza.com\/index.php\/entradas-aun-no-disponibles\/#breadcrumb\",\"itemListElement\":[{\"@type\":\"ListItem\",\"position\":1,\"name\":\"Portada\",\"item\":\"https:\/\/feriadeteatroydanza.com\/\"},{\"@type\":\"ListItem\",\"position\":2,\"name\":\"Entradas a\\u00fan no disponibles\"}]}]}<\/script>\n<!-- \/ Yoast SEO plugin. -->","yoast_head_json":{"title":"Entradas a\u00fan no disponibles - Feria de teatro y danza","robots":{"index":"index","follow":"follow","max-snippet":"max-snippet:-1","max-image-preview":"max-image-preview:large","max-video-preview":"max-video-preview:-1"},"canonical":"https:\/\/feriadeteatroydanza.com\/index.php\/entradas-aun-no-disponibles\/","og_locale":"es_ES","og_type":"article","og_title":"Entradas a\u00fan no disponibles - Feria de teatro y danza","og_description":"Las entradas a este espect\u00e1culo a\u00fan no est\u00e1n disponibles.","og_url":"https:\/\/feriadeteatroydanza.com\/index.php\/entradas-aun-no-disponibles\/","og_site_name":"Feria de teatro y danza","article_publisher":"https:\/\/www.facebook.com\/feriahuesca","twitter_card":"summary_large_image","twitter_site":"@FeriaHuesca","schema":{"@context":"https:\/\/schema.org","@graph":[{"@type":"Organization","@id":"https:\/\/feriadeteatroydanza.com\/#organization","name":"Feria de Teatro y Danza de Huesca","url":"https:\/\/feriadeteatroydanza.com\/","sameAs":["https:\/\/www.facebook.com\/feriahuesca","https:\/\/www.instagram.com\/feriahuesca\/","https:\/\/twitter.com\/FeriaHuesca"],"logo":{"@type":"ImageObject","@id":"https:\/\/feriadeteatroydanza.com\/#logo","inLanguage":"es","url":"https:\/\/feriadeteatroydanza.com\/wp-content\/uploads\/2020\/11\/logo.jpg","contentUrl":"https:\/\/feriadeteatroydanza.com\/wp-content\/uploads\/2020\/11\/logo.jpg","width":242,"height":116,"caption":"Feria de Teatro y Danza de Huesca"},"image":{"@id":"https:\/\/feriadeteatroydanza.com\/#logo"}},{"@type":"WebSite","@id":"https:\/\/feriadeteatroydanza.com\/#website","url":"https:\/\/feriadeteatroydanza.com\/","name":"Feria de teatro y danza","description":"Del 28 de septiembre al 2 de octubre de 2025","publisher":{"@id":"https:\/\/feriadeteatroydanza.com\/#organization"},"potentialAction":[{"@type":"SearchAction","target":{"@type":"EntryPoint","urlTemplate":"https:\/\/feriadeteatroydanza.com\/?s={search_term_string}"},"query-input":"required name=search_term_string"}],"inLanguage":"es"},{"@type":"WebPage","@id":"https:\/\/feriadeteatroydanza.com\/index.php\/entradas-aun-no-disponibles\/#webpage","url":"https:\/\/feriadeteatroydanza.com\/index.php\/entradas-aun-no-disponibles\/","name":"Entradas a\u00fan no disponibles - Feria de teatro y danza","isPartOf":{"@id":"https:\/\/feriadeteatroydanza.com\/#website"},"datePublished":"2024-07-30T10:53:26+00:00","dateModified":"2024-07-30T10:53:26+00:00","breadcrumb":{"@id":"https:\/\/feriadeteatroydanza.com\/index.php\/entradas-aun-no-disponibles\/#breadcrumb"},"inLanguage":"es","potentialAction":[{"@type":"ReadAction","target":["https:\/\/feriadeteatroydanza.com\/index.php\/entradas-aun-no-disponibles\/"]}]},{"@type":"BreadcrumbList","@id":"https:\/\/feriadeteatroydanza.com\/index.php\/entradas-aun-no-disponibles\/#breadcrumb","itemListElement":[{"@type":"ListItem","position":1,"name":"Portada","item":"https:\/\/feriadeteatroydanza.com\/"},{"@type":"ListItem","position":2,"name":"Entradas a\u00fan no disponibles"}]}]}},"_links":{"self":[{"href":"https:\/\/feriadeteatroydanza.com\/index.php\/wp-json\/wp\/v2\/pages\/4449","targetHints":{"allow":["GET"]}}],"collection":[{"href":"https:\/\/feriadeteatroydanza.com\/index.php\/wp-json\/wp\/v2\/pages"}],"about":[{"href":"https:\/\/feriadeteatroydanza.com\/index.php\/wp-json\/wp\/v2\/types\/page"}],"author":[{"embeddable":true,"href":"https:\/\/feriadeteatroydanza.com\/index.php\/wp-json\/wp\/v2\/users\/1"}],"replies":[{"embeddable":true,"href":"https:\/\/feriadeteatroydanza.com\/index.php\/wp-json\/wp\/v2\/comments?post=4449"}],"version-history":[{"count":1,"href":"https:\/\/feriadeteatroydanza.com\/index.php\/wp-json\/wp\/v2\/pages\/4449\/revisions"}],"predecessor-version":[{"id":4450,"href":"https:\/\/feriadeteatroydanza.com\/index.php\/wp-json\/wp\/v2\/pages\/4449\/revisions\/4450"}],"wp:attachment":[{"href":"https:\/\/feriadeteatroydanza.com\/index.php\/wp-json\/wp\/v2\/media?parent=4449"}],"curies":[{"name":"wp","href":"https:\/\/api.w.org\/{rel}","templated":true}]}}

Entradas aún no disponibles

<p>Las entradas a este espectáculo aún no están disponibles.</p>

<!-- This site is optimized with the Yoast SEO plugin v17.1 - https://yoast.com/wordpress/plugins/seo/ -->
<title>Entradas aún no disponibles - Feria de teatro y danza</title>
<meta name="robots" content="index, follow, max-snippet:-1, max-image-preview:large, max-video-preview:-1" />
<link rel="canonical" href="https://feriadeteatroydanza.com/index.php/entradas-aun-no-disponibles/" />
<meta property="og:locale" content="es_ES" />
<meta property="og:type" content="article" />
<meta property="og:title" content="Entradas aún no disponibles - Feria de teatro y danza" />
<meta property="og:description" content="Las entradas a este espectáculo aún no están disponibles." />
<meta property="og:url" content="https://feriadeteatroydanza.com/index.php/entradas-aun-no-disponibles/" />
<meta property="og:site_name" content="Feria de teatro y danza" />
<meta property="article:publisher" content="https://www.facebook.com/feriahuesca" />
<meta name="twitter:card" content="summary_large_image" />
<meta name="twitter:site" content="@FeriaHuesca" />
<script type="application/ld+json" class="yoast-schema-graph">{"@context":"https://schema.org","@graph":[{"@type":"Organization","@id":"https://feriadeteatroydanza.com/#organization","name":"Feria de Teatro y Danza de Huesca","url":"https://feriadeteatroydanza.com/","sameAs":["https://www.facebook.com/feriahuesca","https://www.instagram.com/feriahuesca/","https://twitter.com/FeriaHuesca"],"logo":{"@type":"ImageObject","@id":"https://feriadeteatroydanza.com/#logo","inLanguage":"es","url":"https://feriadeteatroydanza.com/wp-content/uploads/2020/11/logo.jpg","contentUrl":"https://feriadeteatroydanza.com/wp-content/uploads/2020/11/logo.jpg","width":242,"height":116,"caption":"Feria de Teatro y Danza de Huesca"},"image":{"@id":"https://feriadeteatroydanza.com/#logo"}},{"@type":"WebSite","@id":"https://feriadeteatroydanza.com/#website","url":"https://feriadeteatroydanza.com/","name":"Feria de teatro y danza","description":"Del 28 de septiembre al 2 de octubre de 2025","publisher":{"@id":"https://feriadeteatroydanza.com/#organization"},"potentialAction":[{"@type":"SearchAction","target":{"@type":"EntryPoint","urlTemplate":"https://feriadeteatroydanza.com/?s={search_term_string}"},"query-input":"required name=search_term_string"}],"inLanguage":"es"},{"@type":"WebPage","@id":"https://feriadeteatroydanza.com/index.php/entradas-aun-no-disponibles/#webpage","url":"https://feriadeteatroydanza.com/index.php/entradas-aun-no-disponibles/","name":"Entradas a\u00fan no disponibles - Feria de teatro y danza","isPartOf":{"@id":"https://feriadeteatroydanza.com/#website"},"datePublished":"2024-07-30T10:53:26+00:00","dateModified":"2024-07-30T10:53:26+00:00","breadcrumb":{"@id":"https://feriadeteatroydanza.com/index.php/entradas-aun-no-disponibles/#breadcrumb"},"inLanguage":"es","potentialAction":[{"@type":"ReadAction","target":["https://feriadeteatroydanza.com/index.php/entradas-aun-no-disponibles/"]}]},{"@type":"BreadcrumbList","@id":"https://feriadeteatroydanza.com/index.php/entradas-aun-no-disponibles/#breadcrumb","itemListElement":[{"@type":"ListItem","position":1,"name":"Portada","item":"https://feriadeteatroydanza.com/"},{"@type":"ListItem","position":2,"name":"Entradas a\u00fan no disponibles"}]}]}</script>
<!-- / Yoast SEO plugin. -->

Entradas aún no disponibles - Feria de teatro y danza

Las entradas a este espectáculo aún no están disponibles.
